-3*v + 10 = y, -5*y - 4*v - v + 40 = 0. Suppose -6*s - 187 = -y*s. Is s a prime number?
False
Suppose -5*q = 3*t - 162, 156 = 3*t - 0*t + 3*q. Suppose t = -p + 590. Is p prime?
True
Let u(m) = 5*m + 35. Let o be u(-10). Let r = o - -19. Let q(d) = -d**3 + 6*d**2 - 7*d - 1. Is q(r) a composite number?
False
Let t(z) = -z**3 - 7*z**2 - 6*z. Let u be t(-6). Suppose x + 3*d - d - 10 = u, 0 = 2*d + 4. Is 150/x - 2/(-7) a composite number?
False
Suppose -12*q - 14 + 38 = 0. Suppose 6 = 2*v, q*j + 2*v = v + 2351. Is j a composite number?
True
Let n be 8/(-20) + 132/30. Suppose -3*f + 9 = 0, -3*v - n*f = -v - 4118. Is v a prime number?
True
Let i(k) = 69*k - 3. Let r be i(3). Let u be ((-2)/4)/((-6)/r). Suppose 4*p = 131 + u. Is p composite?
False
Let h be -1*1/((-4)/(-96)). Let o be 9/15 - h/(-15). Is (-24 + 5)*o/1 a composite number?
False
Suppose 0 = 12*b + 3680 - 10172. Is b a composite number?
False
Let p(t) = 191642*t**3 - 5*t**2 + 2*t + 2. Is p(1) a prime number?
False
Let i(b) = 25*b**2 + 22*b - 22. Suppose -6 = 3*m - 69. Is i(m) prime?
False
Let l be 4/8*6*-1. Let s be l/(-2)*(-16)/(-6). Let r(w) = 102*w + 5. Is r(s) composite?
True
Let v(h) = 579*h**2 - 16*h + 21. Is v(14) a composite number?
True
Let i = 89 - 56. Suppose x - 922 = -i. Is x a prime number?
False
Suppose -46781 = -32*j + 148355. Is j composite?
True
Suppose 4*n = -3*i + 224249, 5*i + 224257 = 17*n - 13*n. Is n prime?
False
Let h be 3/(-6) + (-5)/(-2). Suppose -h*p + 1347 + 1607 = 0. Is p a prime number?
False
Let y = -116 - -201. Suppose -6*i + 3*i = 4*p - 59, 4*i - y = p. Is i composite?
True
Suppose 5*t = 0, 2 = 2*c + 3*t - 2. Let h = 587 - 225. Suppose 72 = c*v - h. Is v a prime number?
False
Let a(s) = 10453*s + 21. Is a(8) a composite number?
True
Suppose -2 = -3*k - 14. Let g(s) be the third derivative of -s**6/120 - s**5/15 - s**4/24 + s**3/3 + 2*s**2. Is g(k) composite?
True
Suppose 13*a + 59 = 202. Suppose -a*o + 3294 = -2833. Is o a prime number?
True
Suppose 72 = -2*v + 2648. Let b = 2221 - v. Is b composite?
True
Let t(b) = -69*b**2 + 7*b - 11. Let u(r) = -346*r**2 + 36*r - 56. Let f(o) = -11*t(o) + 2*u(o). Is f(2) a prime number?
False
Let k = -8536 - -23937. Is k composite?
False
Suppose -4*d + 6*d = -742. Let u = -256 - d. Is u composite?
True
Suppose 0 = 2*b - 2 - 14. Let v be (-1)/(2 + (-17)/b). Suppose 3*d - 17 = -v, 0 = -2*q + 3*d + 1273. Is q a prime number?
True
Suppose -10 = -2*n, 2*s = -3*n + 9 + 6. Suppose 4*d - 8154 - 458 = s. Is d a composite number?
False
Suppose 2*w + 6 = -5*y, 11*w = 14*w + 2*y - 2. Suppose 3*f - 5*d - 293 = -f, -6 = -w*d. Is f composite?
True
Let w(t) = 41*t + 2. Let v(z) = z**2 - 12*z + 5. Let k be v(12). Suppose 0 = -k*u - 13 + 58. Is w(u) a prime number?
False
Suppose 5*j + 84009 = 2*a, 3*a - 82*j + 80*j - 126008 = 0. Is a a composite number?
True
Suppose 0 = 6*u - 5*u - 1847. Is u a prime number?
True
Suppose -9 + 18 = 3*b. Suppose 0 = 5*d - t - 11224, d - 2242 = -0*d + b*t. Is d a composite number?
True
Let r(k) = k**2 - k + 14. Let l be r(-14). Let q be 8/(-20)*-5 + l. Suppose -266 - q = -4*h. Is h a composite number?
True
Let i = -1986 + 2875. Is i prime?
False
Suppose 4506 = -7*f + 8*f + 5*p, 13613 = 3*f - 4*p. Is f prime?
False
Let w(t) = t**3 - 8*t**2 - 8*t - 5. Let f be w(9). Let h be ((-1)/2)/((-1)/f). Suppose 3*i + h*v - 2083 = 0, -5*v + 2080 = 3*i - 0*i. Is i a prime number?
False
Suppose m + 3 = -1. Is (m/6)/((-7)/4179) composite?
True
Suppose 0 = -2*c - 4*p + 4, -11 = -4*c + c - p. Suppose c*y - 2*h - h = 829, 2*y + 5*h = 447. Is y prime?
True
Suppose -2*o = 0, 5*z = 4*o + 84 - 14. Let b = 14 - z. Suppose 3*s - 8*s + 1245 = b. Is s composite?
True
Let g(i) be the second derivative of i**4/12 + 4*i**3/3 - i**2 - 2*i. Let b be g(-8). Is (20 - b)*(-145)/(-10) a prime number?
False
Let v(g) = 807*g**2 + 4*g - 66. Is v(7) a composite number?
True
Let d be (0 + 0 + 9/18)*2362. Let f = -734 + d. Is f a prime number?
False
Let t = -127 + 286. Suppose -t = -2*l + 603. Is l prime?
False
Let h(s) = 19*s**2 - 110*s + 23. Is h(26) a prime number?
True
Let j(c) = 6*c**3 - 22*c**2 + 7*c + 7. Let w be j(15). Suppose w = 18*a - 69242. Is a a composite number?
False
Suppose 12 = 25*n - 22*n. Suppose 2047 - 7811 = -n*t. Is t a composite number?
True
Let d = 325 + 922. Suppose 0 = 4*l - d - 525. Is l composite?
False
Suppose -13*n + 8*n = 5*i - 83760, -16755 = -i + 2*n. Is i a prime number?
False
Let x(v) = 7*v**2 - 4*v - 77. Is x(-8) a composite number?
True
Let s be 5*2/5 + 2. Suppose 4*u = -s*c + c - 14, 33 = 4*c - 5*u. Suppose 2*r - 3*r + 473 = -c*f, -r - 2*f = -489. Is r composite?
True
Suppose -66689 + 437294 = 15*s. Is s a prime number?
False
Suppose -184 - 82 = 2*z. Let r = 824 + z. Is r a prime number?
True
Suppose -5*y = -6*y + 98. Suppose 3*w = -y + 11. Let l = 106 + w. Is l a composite number?
True
Suppose -5*w + 25 = -0. Suppose -w*z + 147 + 148 = 0. Is z a composite number?
False
Let m be 6/(-24) + (-57)/(-4). Let j = 21 - m. Suppose 0 = -j*o + 2006 + 3. Is o a prime number?
False
Let y(q) = -2*q**3 + q**2 - q - 1. Let v(i) = 401*i**3 + 6*i**2 - 7*i - 3. Let f(o) = v(o) - 6*y(o). Is f(2) a composite number?
True
Let u = 2818 - 1200. Is u prime?
False
Suppose -3*r + 3475 = 5*f, 3*r - 4*f - 3511 = -0*f. Suppose -6*v = -v - r. Let p = v + 30. Is p prime?
True
Let i(h) be the second derivative of -65*h**3/3 + 27*h**2/2 + 36*h. Is i(-10) prime?
True
Let w = -4 + -3. Suppose -2*y + 3488 = 2*q, 4*y - q - 6964 = q. Is (-6)/(-42) - y/w prime?
False
Let r(u) = u**3 + u**2 - 2*u + 3035. Let s be r(0). Let c = s + -1626. Is c composite?
False
Suppose -5*x - 7292 = -32497. Is x composite?
True
Suppose 2*l - 14988 = -10*l. Is l a composite number?
False
Let k = -360 - -809. Is k a prime number?
True
Let q = -53 - -48. Is 0 - -448 - 12*q/(-20) a composite number?
True
Suppose 2*t - 1958 = 4*k, -974 = -t + 3*k - 0*k. Is t composite?
True
Let a be 0/(-3*3/(-9)). Suppose 4*s - 7 = 1. Suppose a = -2*c + 4, -3*u + 387 = s*c + c. Is u composite?
False
Let j be ((-26)/(-2))/(1/(-85)). Let m(g) = 348*g - 12. Let u be m(-2). Let o = u - j. Is o a composite number?
False
Suppose -5*f - 1243 = -2*c, 4*c - 2426 = -2*f - 0*f. Let k = 302 + c. Is k composite?
False
Let g = -9 + 13. Suppose -3*k + k = 5*t - 5024, 4036 = g*t - 4*k. Suppose 5*o - t = 609. Is o composite?
True
Let y(p) = p**3 + 2*p**2 + 13*p - 9. Is y(11) prime?
False
Suppose 0 = v + 3, -4*v - v = -2*m + 25. Let s(a) be the first derivative of 31*a**2 - 3*a - 42. Is s(m) a composite number?
False
Suppose 14*f = 122216 + 409098. Is f a prime number?
True
Let y = 800 - 438. Suppose -a - y + 2038 = 0. Suppose 5*s = 3*u + a, -7*u = -s - 3*u + 325. Is s a prime number?
True
Let c(u) = 65*u**2 + 153*u**2 + 3*u - 4*u. Let m be c(-1). Suppose -k - m = -2*k. Is k prime?
False
Suppose 0 = h - 6*h + 70. Is 44/(-77) - (-1198)/h prime?
False
Suppose -11*p = -31429 - 2088. Is p composite?
True
Let h(t) = -11*t**3 - t**2 - t - 1. Let o be h(-1). Suppose 0 = -12*s + o*s. Suppose s*i - 2*i = -118. Is i prime?
True
Let o(s) = 103*s**2 + 48*s - 24. Is o(-13) prime?
True
Let d(x) = 4*x**2 - x + 1. Let h be (1 - 0)/(15 + -14). Let t be d(h). Is (-2)/t - (-537)/6 prime?
True
Suppose -5*b - 130 = -5*j + 775, -2*b = j + 353. Suppose 5*n - 3*t = -t - 65, 0 = -5*n - 3*t - 90. Let o = n - b. Is o a composite number?
False
Suppose 242*h = 241*h + 9235. Is h a prime number?
False
Let x(n) = 30710*n - 291. Is x(2) composite?
False
Suppose -2*f = -5*r + 41978, 4*f - 15258 = -4*r - 99242. Is f/(-9) + 1*1/3 a prime number?
True
Let j(l) = -24*l**3 + 3*l**2 + 19*l + 41. Is j(-9) composite?
False
Let j(g) be the second derivative of -5*g - 11/2*g**2 + 1/6*g**4 + 0 + 2/3*g**3. Is j(-6) a composite number?
False
Suppose 8 = 2*t - 4*d, 3*d + 6 = -5*t - 0. Suppose t = -r + 11*r - 3170. Is r composite?
False
Let u = -9328 + 32933. Is u a composite number?
True
Is 186/124 + (38601/2 - 1) composite?
False
Suppose 21 = -4*m + 81. Let w(c) = -3*c + 8. Let d be w(4). Is 13*m + d + -4 a composite number?
True
Let n be (-4)/(24/(-2571))*-2. Let b = -2057 - n. Let r = 1709 + b. Is r a composite number?
False
Suppose -95*t + 90*t + 15685 = 0. Is t prime?
True
Let l(u) = 6*u**3 - 10*u**2 - 36*u + 29. Is l(13) a composite number?
